 8 + -21 + (4 - -10).
23
What is the value of 4 + -5 + 1 + (-2 - 17)?
-19
Calculate -3 + (-7 - (2 + 4 + 0 - 40)).
24
What is 9 + (3 - (-9 - -10)) - 3?
8
What is the value of 16 + -21 - (-3 + -1 - -3 - 11)?
7
What is -20 + (-3 - -5) + -1 + 10?
-9
What is 29 + (-18 - 26) + 30?
15
What is the value of (-40 - (-8 - 3 - 3)) + 1 + 10?
-15
Evaluate 15 + (-19 - -6) - (1 + -26).
27
246 + -267 + (2 - -26)
7
Evaluate -11 - (4 + (11 - 6) - (-26 + 45)).
-1
Calculate 11 + 0 - (-384 + 377).
18
Evaluate 2 + 10 + 0 - (0 + 1 + 43).
-32
Evaluate 5 - ((-4 - 3) + 2 + 11 + -4).
3
What is 5 + 2 + (-1 - -1 - 0)?
7
4 + (7 + 2 - (0 + 5))
8
What is 9 + (-1 - (12 + -25))?
21
Evaluate -2 - (5 - 1 - (-3 - (-4 + -2))).
-3
Evaluate 1 + (-28 - -2 - -9) + 7.
-9
What is the value of -1 - (1 + 3) - (6 + 1 + -7)?
-5
Evaluate 0 - 0 - (13 - (26 + -6)).
7
What is -18 - (-16 + -16 - -28)?
-14
Calculate 27 - 1 - (330 - 316).
12
What is the value of (-7 - 2) + -2 + 3 + -15 + 9?
-14
-4 + 4 + -12 - (7 + -10 + -1)
-8
What is (3 - -6) + 19 + 5 + -8 + -7?
18
-19 - (7 + -12 + -21)
7
Calculate 0 + -3 - (-269 + 264).
2
What is the value of -23 - (38 + -75) - 11?
3
-3 - 4 - (-9 + -7) - -2
11
What is the value of -100 - -108 - (8 - 38)?
38
Evaluate 13 - (18 + -1) - -7.
3
What is the value of 1 - -9 - (15 + 0 + -8)?
3
Evaluate 15 + (-12 - -25) + -16.
12
Calculate 5 - (6 + 1 + -8 + 1).
5
What is the value of (15 - -4 - 15 - 11) + (3 - 12)?
-16
What is the value of (12 - 4) + 2 + -31 + -1 + 0?
-22
What is 0 - (-1 + 9 - 6) - -1?
-1
68 + -12 + -20 + -3
33
What is the value of 0 + (-4 - (3 - 13))?
6
What is -7 + 2 + (4 - -21 - 4 - 2)?
14
Calculate 11 + (-26 - -47 - (17 + -1)).
16
What is -5 - (-28 + (7 - 1))?
17
(42 - 10) + (-23 - 1) - (-19 - -2)
25
What is 75 - 99 - (-6 - -1)?
-19
Evaluate -73 - -38 - -27 - (-33 + 0).
25
What is the value of -36 + (44 + -43 - -8)?
-27
What is the value of 3 - (22 - 3) - (-9 - -13)?
-20
What is the value of (8 - (-15 + 12 - -4)) + (1 - -4)?
12
What is (-142 - -129) + (1 - (1 - 1))?
-12
-15 + -28 + 29 - -17
3
Calculate -13 - 14 - -10 - 3.
-20
Calculate (-1 - ((-10 - -1) + 6)) + 6.
8
What is (10 - 2) + -11 + 1 + (3 - 2)?
-1
-15 + -2 + 28 + -16
-5
Evaluate 37 + -42 + 22 + -21.
-4
Evaluate -10 - -14 - -22 - (3 - (-1 - 5)).
17
(7 - (-2 - (8 - 11))) + -16
-10
(-22 - -8) + 2 + 4 + 1 + -2
-9
What is 9 - (-3 + 14) - (-11 - -22)?
-13
-5 - (32 + (-86 - -33))
16
What is -5 + 1 + (1 - 11)?
-14
What is the value of 0 + -17 + 89 + -85 - (1 - 2)?
-12
(-17 - -2) + (114 - 103) - 11
-15
-13 + (10 + -6 - 5 - -2)
-12
Evaluate 22 + -28 + -16 + 27.
5
(-2 - 2) + (2 - (-17 - -3 - -4))
8
What is the value of -7 - (7 + 12 + -33)?
7
What is 18 + -26 + (-3 - 1 - -12)?
0
What is the value of -17 + 27 + 5 + -21?
-6
What is the value of (-13 - -9) + -18 + (9 - 6 - 4)?
-23
What is the value of 21 + -1 + -24 + 6?
2
What is -3 - (8 + 2) - -8 - 6?
-11
-2 - (18 + -10 + (-1 - -3))
-12
13 + 2 - (44 + -100 + 79)
-8
Calculate 13 + (-11 - (-5 - (4 + -4))).
7
Evaluate (0 - -4) + (-9 - -14) + -1.
8
What is -3 + ((1 + -2 - 0) + -2 - -23)?
17
Calculate 20 + 6 + (5 - 16) - (0 - -3).
12
What is 11 + -1 + 7 + -14 + 10 + -29?
-16
Calculate -1113 + 1076 - (-24 + 0).
-13
What is 45 + (26 - 16 - -3) + -29?
29
Evaluate -5 + 1 - (-25 - -25 - -9).
-13
Evaluate -1 + 12 - (-2 + 11 - (-422 + 416)).
-4
What is -12 + (-7 - -17) - ((-5 - -4) + -25)?
24
What is 9 + (-2 - -6 - 1) - (-126 + 130)?
8
What is the value of 713 + -696 - (3 + (-3 - -44))?
-27
What is the value of 5 + -1 + -3 - (32 - 18)?
-13
What is -1 + -12 - (5 - 31 - -13 - -17)?
-17
Calculate -9 + 1 + (-4 - 0 - -5) - -11.
4
What is the value of 16 + -14 + -12 + -3 + 11?
-2
What is the value of 276 - 280 - (0 - (8 + 1))?
5
What is the value of (-18 - -7 - -3 - -8) + -12?
-12
Evaluate (-2 - -4) + (-6 - (5 - 4 - 3)).
-2
Calculate -1 + 2 - (-45 - -32).
14
What is 28 + (-36 - (5 - 33))?
20
What is -31 - (-79 - -30 - -17)?
1
0 - -9 - (-28 + 14) - 4
19
Evaluate -11 + (-18 - -39) - -15 - -16.
41
10 + (1 - 0 - (58 - 63))
16
177 + -158 + (-1 - -4)
22
What is (-27 - 6) + 95 + -75?
-13
Calculate (-16 - 0 - -14) + -25.
-27
Calculate 7 + (14 - 0) + -10 + -1 + -2.
8
What is (13 - 1) + (428 - 434)?
6
Evaluate 1 + -12 + 0 - (6 + (2 - 14)).
-5
Calculate (2 + 7 - -14) + -10.
13
23 + -7 + (10 - 16)
10
Evaluate (0 - (3 + -1)) + 20 + -38 + 18.
-2
What is the value of 4 + -20 + -40 + 36?
-20
What is the value of 35 + -9 + -2 - 21?
3
What is 7 + -13 - -30 - (4 - 1)?
21
What is the value of -29 - (-16 + -4 + -7)?
-2
-4 - (-12 + -17) - (12 - 0)
13
What is the value of (-3 - -10) + 9 + -2?
14
-4 + 0 + (-21 + 14 - (-8 + 3))
-6
Calculate 1 - (0 + 1 + -5 + (1 - 3)).
7
Calculate -2 + 2 + -4 - (-78 + 84).
-10
1 - -1 - (-76 + 77 - (12 + 0))
13
Calculate 10 - (-5 + 0 + 23).
-8
What is the value of (116 - 107) + (18 - 1)?
26
What is the value of 0 + (-5 - -2) + 61 + -50 - -11?
19
What is 3 - (-4 + -14 + 12)?
9
Calculate -3 - ((-7 + 4 - 8) + 6) - 10.
-8
Calculate 20 - (27 - 12) - (-9 - 0).
14
What is -2 - (8 - (22 - 10))?
2
-14 - ((-2 - (5 - 3)) + (36 - 37))
-9
What is the value of 18 + -26 + -13 - -30?
9
Calculate -20 - (8 - -22) - -32.
-18
What is the value of -4 - (2 + 1 - (-90 + 86))?
-11
Calculate 1 - (-3 + 7) - (-14 + 28).
-17
Calculate -1 + (-16 - -13 - 2 - (6 - 3)).
-9
Calculate 10 + -6 + 0 + 1 + 54 + -47.
12
10 - 32 - (2 - (5 - 0))
-19
What is the value of (-24 - 0 - 0) + 16?
-8
What is (4 + -2 - (-22 + 23)) + (-1 - -10)?
10
What is the value of (23 - -1) + (-9 - 32) + 27?
10
Calculate 6 - (3 + -3 + 6 + 0).
0
Evaluate -14 - (22 - 8 - (1 + 0)).
-27
Evaluate -11 + (-22 - (-34 + 17)).
-16
(-12 - (-29 + -4)) + -13
8
Evaluate -81 + 76 - ((19 - 2) + 5).
-27
Evaluate 0 - 23 - -22 - (-1 - 1).
1
Calculate (-3 - -2) + 0 - (-198 + 204) - 13.
-20
Evaluate 9 + -30 + 26 + 21.
26
Calculate -9 - (-20 + (-3 - 0) + (-56 - -53)).
17
What is the value of 41 + (29 - 28) + -47?
-5
What is the value of 3 - (-13 + 21 - 6 - (-16 - 0))?
-15
What is the value of (1 - 8) + (0 - -20) + (-9 - -3)?
7
(-7 - (-30 - (-1 + -8) - -9)) + -9
-4
Evaluate (1 - (4 - (-10 - -7))) + 11.
5
Calculate 7 - (-12 - (-5 + -8)).
6
What is the value of -26 - (-1 - (0 + (-4 - -10)))?
-19
Evaluate (2 - -15 - 8) + -14.
-5
Calculate 18 - 2 - (2 + -6 - (8 + -5)).
23
Evaluate (6 + (3 - 17) + 4 - 7) + 7.
-4
Calculate 86 - 79 - (-2 + -8).
17
Evaluate 19 + -11 + (-10 - 10).
-12
-4 - ((-4 - ((-1 - -1) + -2)) + 7)
-9
18 + (-5 - 9) - 12 - 2
-10
Calculate (96 - 89) + (-6 - (-12 + 0)).
13
What is 7 - 5 - (-95 + 101)?
-4
What is the value of -4 + -2 + 19 + 1 + (-45 - -40)?
9
Calculate 147 + -159 - (0 - -3).
-15
-6 + (4 + 1 - (-15 + 6 + 5))
3
4 - (2 - 10) - 14
-2
What is -18 + (13 + -5 - -8)?
-2
What is 1 + -33 + (-16 - -37)?
-11
What is (2 - (13 + -9)) + -13 + 10?
-5
Evaluate -7 - (5 + -9 - -1 - -8 - 8).
-4
Calculate 178 + -183 + (12 - (1 + -3)).
9
-20 + -4 + 23 + -7
-8
What is (-1 + 64 - 39) + -11?
13
Evaluate (-27 - -1) + -279 + 293.
-12
(-1 + -2 - (-23 + -21 + 46)) + -2
-7
Evaluate (-8 - 2) + (-33 - (-17 + -11)).
-15
What is the value of -10 - (-5 - (-6 + (16 - 9)))?
-4
What is -1 - -14 - (2 + -1 + (6 - 1))?
7
-41 + 45 - (1 + -2) - (0 - 1)
6
What is the value of 35 + 3 + -3 + (-8 - 2 - -5)?
30
What is the value of (-4 - -3) + 1 - (-41 + 74 - 12)?
-21
Evaluate (1 - (-8 - (-8 - 5))) + -2 + -1.
-7
What is the value of -21 + 4 + (3 - 4)?
-18
-1072 - -1083 - (0 + (-1 - 4))
16
Evaluate 21 + -25 + 7 - 13.
-10
Evaluate 11 - (-27 + 6) - 2 - (-2 + 9).
23
(15 - 18) + -4 - -17
10
Evaluate 1 + 0 + 0 + 6.
7
15 + -3 + 13 + -9 - -1
17
-8 + -7 + 11 + -5 - -13
4
Evaluate 49 + -68 + 25 + (13 - -1).
20
Evaluate 6 + (1 - -1) + -15.
-7
What is the value of -12 + ((9 - 1 - 12) + 15 - -11)?
10
-2 - (-8 - -19 - (6 - -7))
0
Calculate -9 - (0 + (8 - 7)).
-10
What is the value of (40 - 48) + (-1 - -9) + 2 + 11?
13
Evaluate -7 + 5 + 5 + (9 - -8) + -14.
6
What is the value of 20 + -7 + 16 + (-9 - -6)?
26
Evaluate 13 - (-79 + 87 + (-13 - 0)).
18
What is -14 + (11 - 16) - 11 - -3?
-27
What is the value of 1 + (-6 - -18) + 6?
19
Calculate (2 - (3 - -20)) + -76 + 86.
-11
Evaluate (-63 + 97 - 51) + (13 - 1).
-5
What is the value of -3 + 12 + (-12 - (-4 - (38 + -13)))?
26
(329 - 332) + (-1 - 14)
-18
(20 - (36 - 25)) + (-18 - -1)
-8
What is -23 + -6 + 36 + -23?
-16
Calculate -14 - -52 - 1